a(-15). Suppose y - 4101 = 18*b. What is the units digit of (-1 + b)/(-2 + 1)?
7
Suppose -5*z + 2*w + 10 = 0, 5*z + 0*w + w = 25. Let j be 10/z*(-726)/(-165). Suppose -2574 = -j*b - 0*b. What is the tens digit of b?
3
Suppose 0*k - 5*k + 5*p = -4815, 3*p = 4*k - 3857. Let j = -3014 + 3021. Suppose -w = j*w - k. What is the hundreds digit of w?
1
Suppose 0*r + 319 = -5*r + 524. What is the tens digit of r?
4
Let w(p) = -5*p - 170. Let s be w(-34). Suppose s = -4*m - 2*g + 2074, 2*g + 1 - 7 = 0. What is the tens digit of m?
1
Let q be 62/(-1)*((-4)/(-8) - 0). Let p = q + 41. Suppose -2*h = 3*z - 217, -5*h - 105 = -z - p. What is the units digit of z?
5
Suppose 4*o + 22 = 2*q, -q + 2*o + 16 = q. Suppose q*a - 135 - 110 = 0. Let v = 37 + a. What is the units digit of v?
6
Suppose -10*a = 8*a + 5*a - 385595. What is the units digit of a?
5
Let t(o) = -o**3 - 18*o**2 - 16*o + 23. Suppose 0 = 10*w - 7*w + 51. Let n be t(w). Suppose -n*y + 936 = 24. What is the tens digit of y?
5
Let k(c) = -8*c**3 - 6*c**2 + 10*c - 17. Let w(y) = -7*y**3 - 6*y**2 + 11*y - 18. Let s(p) = -3*k(p) + 2*w(p). What is the tens digit of s(4)?
1
Suppose 6*p - 7641 = 15*p. Let o = p - -2152. What is the units digit of o?
3
Let t(q) = 30*q - 43. Suppose 5*b + n = 81, 2*b - 4*n - 1 = 27. What is the units digit of t(b)?
7
Let k be (177 - -3) + 0/1*1. Suppose 8110 = 5*r - 5*p, k = -r + 5*p + 1818. What is the thousands digit of r?
1
Let z = 5435 - -2405. What is the units digit of z?
0
Let g = 23939 - 15205. What is the thousands digit of g?
8
What is the tens digit of (-6 + 5)/((-37)/326895)?
3
What is the thousands digit of ((-36)/(-10))/(10 + (-339353)/42420 - 2)?
1
Let y = -4456 - -15424. What is the tens digit of y?
6
What is the ten thousands digit of 4/(-14) - (-854114)/56 - (-71)/284?
1
What is the thousands digit of 23*(-22 - -23) + 35430?
5
Let o = 85 - 77. Suppose 12*y + o = 8*y. What is the units digit of y/(-6) - 467*(-1)/3?
6
Let a = -859 - -859. What is the units digit of (-17 - -8) + (a - -1919)?
0
Suppose 2*f - 226 = -2*o + 1422, 20 = -5*f. What is the hundreds digit of (6 - 1) + o + 9?
8
Let p = 3302 - 1808. What is the tens digit of p?
9
Suppose 0 = -49*f + 62*f + 85*f - 671594. What is the tens digit of f?
5
Suppose -6*g = 20*g + 7*g - 64746. What is the thousands digit of g?
1
Let p(l) = 310*l + 58. Let h be p(5). Suppose 3*o = -3*o + h. What is the tens digit of o?
6
Suppose -8*x + 2*s + 12 = -3*x, 0 = 4*x - 4*s. Suppose 2*z + 2*z + 210 = 2*b, 5*b = x*z + 495. What is the tens digit of b?
9
Let t = -15446 - -42716. What is the thousands digit of t?
7
Let f = 116 + 405. Let d = 911 - f. What is the units digit of d?
0
Let i = 94 + -92. Suppose 2*r = -v + 416, i*r - 859 = -2*v + 7*r. Suppose 6*u = 8*u - v. What is the hundreds digit of u?
2
Let v be (-2 + 4)*26/4. Suppose 5*i + 3*c - 12 = 0, v = 5*i - 6*c + 8*c. What is the hundreds digit of (-5 + -115)/(i + 45/(-12))?
1
Suppose 0 = -10*h - 13*h - 529. What is the tens digit of (-43)/2*(h + -51)?
9
Let q(i) = 333*i**3 + 5*i**2 + 90*i - 379. What is the thousands digit of q(4)?
1
Let a be 1*(0 + -1) + (3538 - 105). Suppose a - 12867 = -17*y. What is the hundreds digit of y?
5
Let y(d) = 102*d + 71. Let u(p) = -100*p - 61. Let n(j) = 7*u(j) + 6*y(j). Let b(o) = o - 9. Let r be b(8). What is the tens digit of n(r)?
8
Suppose o - 3*u = -4*o - 136, 4*o = 5*u - 114. Let k(x) = -25*x - 52. What is the tens digit of k(o)?
9
Suppose -5*y - 3*b = -20 - 18, 23 = 4*y - 5*b. Suppose -y*s + 451 + 515 = 0. What is the tens digit of s?
3
Suppose 3*u = 0, 2*r + 3 = -3*u + 33. Suppose 4*o = -3*g + r, 0*g - 5 = -g - 3*o. Suppose -152 = g*a - 9*a. What is the tens digit of a?
3
Suppose -3*w + 4*w = 2*y - 1744, y - 3*w - 877 = 0. Suppose -y = -5*k + 214. Suppose 0 = -10*o + 1023 + k. What is the tens digit of o?
2
Suppose 3*j + 5*t + 892 = -193, 0 = 5*j - 5*t + 1875. Let h = 817 + j. What is the tens digit of h?
4
Suppose -21*r - 201 = 51. What is the hundreds digit of (165/r)/((-12)/432)?
4
Let k be -1 + (-32508)/(6 + 0). What is the tens digit of (-16)/112 - k/7?
7
Let c be (-35 - -32)*(-2)/6. What is the units digit of 1/(c/150) + (-50 - -48)?
8
Suppose -501*m + 496*m + 56490 = 0. What is the units digit of m?
8
What is the tens digit of (-19 - -10)/(-1) + 158?
6
Suppose -15*x + 2*g - 19 = -10*x, 2*g = -x - 11. What is the units digit of x + -1 + 5 + (0 - -157)?
6
Let y = -79 - -37. Let d = 85 + y. Suppose -3*w = -4*f + 329, f - 43 = -3*w + d. What is the tens digit of f?
8
What is the thousands digit of 162/108*((-8)/3 + 4)*26426?
2
Let l be (2/(-7))/((-13)/273). Suppose l*z - 30*z = -9360. What is the tens digit of z?
9
Suppose -444 + 504 = 6*u. Suppose -14*t + 5424 = u*t. What is the units digit of t?
6
Let k be (-10)/(7 - 2)*(-15)/(-6). Let x(p) = p**2 - 6*p. Let n be x(8). Let d = k + n. What is the tens digit of d?
1
Let b(f) = 5*f**2 - 23*f + 110. Let l be b(6). Let m(n) = n**3 + 8*n**2 + n + 10. Let u be m(-8). What is the units digit of (-2 + l)*3/u?
5
Let o be 5436 + 9 + (-2 - -3)*-5. Suppose 6840 = 6*l - l + 5*h, -o = -4*l + 4*h. What is the hundreds digit of l?
3
Let u = -101 + 81. Let l(y) = y**2 - 8*y - 17. What is the units digit of l(u)?
3
Let z = -110 + 115. Suppose z*m + 0*f = -4*f + 2325, 4*f = -20. What is the units digit of m?
9
What is the tens digit of ((-3)/(-3))/(27/1459728)?
6
Let f = 2123 - 1141. What is the units digit of f?
2
Suppose 25*s + 11 = 14*s. Let c(i) = -138*i + 4. What is the units digit of c(s)?
2
Suppose 15*h - 10*h - 3539 = -4*m, -2*h = -2*m + 1792. What is the units digit of m?
1
Suppose 517 = -5*z + 4*c - 606, -5*c = -4*z - 893. Let w = -177 - z. What is the units digit of w?
0
Let q(w) = 38*w - 23. Let f be q(1). Suppose f*i - 286 = 2*i. What is the units digit of i?
2
Let i = -122 - -69. What is the hundreds digit of i/(5/(-6)*(-12)/(-30))?
1
Let y(f) = 3*f + 63. Suppose 2*v + 5*o = 6*o + 58, 0 = 5*o. What is the tens digit of y(v)?
5
Let a(c) = c**2 + 1. Let r(s) = 8*s**2 + 17*s - 3. Let z(f) = 5*a(f) + r(f). What is the tens digit of z(-5)?
4
What is the units digit of 603/(-81) + 7 - (1 + (-1065)/27)?
8
Let r = 24 - 28. Let k(p) = 13*p**2 + 15*p + 62. What is the tens digit of k(r)?
1
Let x(f) = -23*f + 1090. What is the units digit of x(15)?
5
Suppose -143*v + 9432 + 5515 = -239736. What is the hundreds digit of v?
7
Let w be (-71 - -1)*8/(-10). Let y be 20/470 - (-558)/141. Suppose -5*o + 2*s = -7*o + 112, -o - y*s = -w. What is the tens digit of o?
5
Let r(b) = 623*b**2 - 5*b + 6. Let v be r(1). Suppose 0 = 3*f - 7*f + 5*q + 638, 4*f + 2*q - v = 0. What is the tens digit of f?
5
Let w be (-5 - (-181)/(-2))*(-4 + 2). Let y = w + 162. What is the tens digit of y?
5
Let k = -10577 + 16809. What is the thousands digit of k?
6
Suppose -13*v = -25*v. What is the hundreds digit of (v - -2)/(75/42075)?
1
What is the units digit of 64310/(-885)*(4/18 + (-193)/18)?
3
Suppose 3*v = 2*v - 4*v. Suppose 2*b + 3*o + 40 = v, 2*b + b - 5*o + 41 = 0. Let l(j) = -j - 1. What is the units digit of l(b)?
6
Suppose -14*o - 6 = -4*r - 12*o, 3*r - 2*o - 2 = 0. Suppose 1358 = 4*m + w - 6*w, -r*m + 1338 = 5*w. What is the tens digit of m?
3
Suppose -15*i - 216*i = 28*i - 16578331. What is the tens digit of i?
0
Let q = 8915 + 2689. What is the ten thousands digit of q?
1
Let l be 3/(2 - (-4276)/(-2144)). Suppose -8*v + 200 - l = 0. Let m = -31 - v. What is the tens digit of m?
1
Let k = 17488 - 12394. What is the tens digit of k?
9
Suppose 4*d - 4587 = h - 0*h, 2277 = 2*d + 5*h. What is the hundreds digit of d?
1
Let h(b) = -b**3 + 10*b**2 - 79*b - 2497. What is the units digit of h(-34)?
3
Let b be (0/(-2))/(-3 + 4/1). Suppose o = -4*f + 5*o + 772, -3*f - 5*o + 571 = b. Let i = 321 - f. What is the tens digit of i?
2
Suppose -31 = -2*b - s, -6*b + 4*b = -4*s - 16. Suppose b*k + 1752 = 18*k. What is the units digit of k?
8
Let q(l) = -18 + 5*l - 15 + 25. Let h be q(2). Suppose h*i = 212 + 42. What is the hundreds digit of i?
1
Let u be 42 - (-48)/(-5 - 1). Suppose 35*k = -5*a + u*k + 2845, -1690 = -3*a - 4*k. What is the hundreds digit of a?
5
Let i(t) = 1179*t - 34. Suppose 216*r - 6 = 210*r. What is the thousands digit of i(r)?
1
Suppose 15*n = 17*n - 4*i - 29124, i = -4. What is the tens digit